 = c**3 - 5*c**2 + 6*c - 1. Let l be u(4). Let a be v(l). Let n(s) = -s + 8 - 3*s + 5 - 16. Give n(a).
5
Let q(a) = -a - 3. Let b be (-2)/(-7) - 360/(-14). Suppose 4*s = -2*f + 4*f - 4, b = 4*f - 2*s. Suppose 0 = -x - x + f. What is q(x)?
-7
Let z(k) = 10*k - 1. Suppose -22 + 92 = 5*u. Let s = u - 13. What is z(s)?
9
Let b = 25 - 13. Let n be (-1)/(-2*2/b). Let k(i) = 9*i - i**n + 0 + 2 - 10*i. Give k(0).
2
Let f(r) be the third derivative of r**6/120 + r**5/60 + r**3/6 + 2*r**2. Let i be (4 + -4)*(-7)/(-14). Calculate f(i).
1
Suppose 0 = k + 3*k - 16. Let x(o) = 0 - 6 + o + 1. Calculate x(k).
-1
Let g(b) be the second derivative of b**4/12 - 5*b**3/3 + 6*b**2 - 25*b. Give g(8).
-4
Suppose 6 = -7*n + 10*n. Suppose -n*b - b = -6. Let g(p) = 5*p + 1. Determine g(b).
11
Let k(p) = -p**2 - 5*p + 3. Let g(c) = c - 7. Let d be g(11). Suppose -2*h + 3*h + 25 = d*v, -h + v = 10. What is k(h)?
3
Let t(g) be the second derivative of -g**7/2520 - g**6/90 - g**5/30 + g**4/4 + 2*g. Let m(a) be the third derivative of t(a). Give m(-5).
11
Let t(z) = 2*z**3 - 2*z**2 - 2*z + 1. Let k(f) = f - 2. Let x be (-2)/8 + (-2)/(-8). Let s be 3 - (-3 + x - -2). Let d be k(s). What is t(d)?
5
Suppose -3*t = -5*t + 2*k + 2, 3*t = -k - 9. Let x be 20/(-8) - t/(-4). Let r(g) = g**3 + 3*g**2 + 2. What is r(x)?
2
Let p(l) be the first derivative of -l**2/2 + l + 1. Let h = -11 - -20. Let r(j) = j**3 - 8*j**2 - 10*j + 8. Let s be r(h). Give p(s).
2
Let d(p) = p**3 - 7*p**2 + 5*p + 8. Suppose 23 = -5*c - 3*b - 8, -c = -b + 3. Let u be 10/4*(-12)/c. Calculate d(u).
2
Let o(j) = 19*j - 15*j + j**3 + 4*j**2 + 1 + 2. Suppose 0 = -3*n + 4*n + a - 6, 0 = -3*n + 5*a - 14. Let b = n - 4. Calculate o(b).
3
Suppose 15 + 10 = -5*x, 9 = w - 3*x. Let o(b) = b**2 + 7*b + 3. Let u be o(w). Let f(k) = k**2 + k + 0*k**2 + k - 1. Determine f(u).
2
Let z(t) = t**3 + 5*t**2 + t - 2. Let i be z(-2). Let f(g) = -3 + 10*g + 2 - i*g. What is f(5)?
9
Let b(f) be the second derivative of -4*f + 1/2*f**2 + 0 + 1/3*f**3. Calculate b(4).
9
Let r be 13 + -11 + (-8)/(-2). Let o(n) be the second derivative of n**4/12 - n**3 + 3*n**2 + n. Give o(r).
6
Let b(i) be the first derivative of -i**3/3 + 3*i**2 - 2*i + 8. What is b(3)?
7
Let i(t) = t**3 + 7 + 0*t**3 - t + t**2 - 18 - 5. Suppose -2*m = m. Give i(m).
-16
Let p = -12 + 8. Let c(w) = -w**2 - 7*w - 4. Let o = -3 + 0. Let x(d) = -d**2 - 8*d - 5. Let j(v) = o*c(v) + 2*x(v). Calculate j(p).
-2
Let q(f) = 4*f**2 - 3 + 3*f**3 + 0*f**3 + f - 2*f**3. Let p = -51 - -48. Give q(p).
3
Suppose k = -m - 4, 2*m + 0 = 3*k - 8. Let n(t) = t**3 + t**2 + 11. Calculate n(k).
11
Let f(l) be the second derivative of -l**3/6 + l**2 + 7*l. What is f(8)?
-6
Suppose p - 4*w = 4, 4*p = 5*p + w - 4. Let h(l) = -10 + 6 + 4 + p*l. Calculate h(1).
4
Suppose -6 + 0 = 3*a. Let u be (-1)/(1/a) + -4. Let l(f) = -f**3 - 2*f**2 - 2*f - 3. Determine l(u).
1
Let f(j) = -j. Let q(v) = 4*v - 10. Let h(u) = 3*u - 10. Let l(m) = 3*h(m) - 2*q(m). Suppose g - 12 + 3 = 0. Let k be l(g). Give f(k).
1
Let y(j) = -j**3 + 5*j**2 - 4*j. Let r be y(4). Suppose -s + 3 = -r*s. Suppose s*i + 0 + 3 = 0. Let w(f) = 5*f + 1. Determine w(i).
-4
Let w(y) = -y**2 - 6*y - 6. Suppose 17 = -12*q - 31. What is w(q)?
2
Let m(w) = -4*w**2 + 7*w**2 - 2*w**2 - 2 - 4*w. Let h be (-2)/(-3) - 10/(-3). Suppose 2*y - y = h. Give m(y).
-2
Let f = 1 - 2. Let i be (1 - f)/2 + 4. Let o(n) = -5*n - 24. Let k(h) = h + 6. Let a(p) = 9*k(p) + 2*o(p). Give a(i).
1
Suppose 6 = 3*a - 2*a. Let j = a + -4. Let u(k) = -4*k + 5*k**2 + 3 - 2*k**3 + 3*k**3 - 2*k**3 + j. Give u(4).
5
Let t be -3*((-8)/4)/(-6)*1. Let n(g) = -9*g**2. Determine n(t).
-9
Let c(l) = -l**3 - 9*l**2 + 2. Let i be c(-9). Let a be -6 - ((-2)/1)/i. Let b = a - -3. Let w(h) = 3*h**2 - h - 2. Calculate w(b).
12
Let d(o) = -6 - 1 - 2 + 14*o - 12*o. Give d(7).
5
Let n(l) be the third derivative of l**4/8 - 4*l**2. Give n(-3).
-9
Let j(h) be the first derivative of -1/4*h**4 - 6*h - 2 - 1/2*h**2 - 5/3*h**3. Determine j(-5).
-1
Let v(j) = -j + 9. Let s(n) = 2*n - 19. Let p(t) = 2*s(t) + 5*v(t). Let x = -7 + 11. Suppose 2*y = x*y - 10. What is p(y)?
2
Let i(m) be the third derivative of 1/24*m**4 + 0*m + 1/3*m**3 + 0 - 1/120*m**6 + 1/15*m**5 + 4*m**2. What is i(4)?
6
Let t(a) = 1 + 0 + 2*a + a - a**3 - 4*a. Let q be (6 - 0) + -2*1. Suppose q*c + 3 = 7. Determine t(c).
-1
Let i(f) = 4*f - 10*f + 22*f + 1. Calculate i(-1).
-15
Let f(l) be the first derivative of 9*l**5/20 + l**4/12 + l**3/3 + l**2/2 + 2*l - 6. Let p(a) be the first derivative of f(a). Determine p(-1).
-9
Let c(z) = -z - 12. Let h be c(-6). Let p be (h/((-3)/(-3)))/(-2). Let b(m) = 4*m + 4 - 2*m - p*m. What is b(5)?
-1
Let o(t) = -t - 3. Let s(z) = z + 6. Let d(n) = 5*o(n) + 2*s(n). Calculate d(-5).
12
Let g(f) = -f**3 + 4*f**2 + 4*f + 2. Let w be g(5). Let z(o) = o**3 + 2*o**2 - o - 3. Calculate z(w).
-9
Suppose -11 = 3*r - 2. Suppose 0*a - a = -4. Let p(d) = -2 + a + 2*d - d. Give p(r).
-1
Suppose n - 4*n = 0. Let b(j) = 4*j**2 + 8*j + 2 + n - 19*j - j**3 + 8*j. Determine b(3).
2
Let q(m) be the second derivative of m**5/120 - 13*m**3/6 + 4*m. Let p(y) be the second derivative of q(y). Let s be (4/6)/((-1)/(-3)). Calculate p(s).
2
Suppose 3 = -t + 4*l - 14, -l = 5*t + 1. Let k(n) = 12*n + 1. What is k(t)?
-11
Suppose 7*m + 0*m = 0. Let p be 0/(-3*(-1)/3). Let t(g) = 4*g - 5*g + p*g**2 + 6 + g**2. Determine t(m).
6
Let s(t) be the second derivative of t**3/6 - 7*t**2/2 - 11*t. Determine s(7).
0
Let j(n) be the first derivative of n**2/2 + 2. What is j(8)?
8
Let q be (0 + 3)/((-3)/(-10)). Suppose -q = -5*n, -3*w = -8*w + n + 8. Let t(o) = 2 + o + w - 3 + 6*o**2. Determine t(-1).
6
Let q(r) = 6*r**2 + 5*r + 4. Let c(g) = 3*g**2 + 3*g + 3. Let w(z) = -z**2 - z - 1. Let o(n) = c(n) + 2*w(n). Let y(a) = 5*o(a) - q(a). Give y(1).
0
Let o(h) = -h**2 - 5*h - 4. Let a be 4/12 - (-42)/9. Suppose -3*l - 10 = a. Determine o(l).
-4
Let h be 3 + (-2 - (0 - 1)). Let t = h + -6. Let r(m) be the second derivative of m**4/12 + 2*m**3/3 + m**2 - 2*m. What is r(t)?
2
Let z(m) = 2*m - 20. Let u be z(9). Let r(j) = -7*j - 1. Give r(u).
13
Let c(t) be the second derivative of t**3/3 - 7*t**2/2 + 3*t. Determine c(6).
5
Let p(w) = -w + 8. Let a be (4 - 4) + (0 - -2). Suppose a = -4*t - 22. Let f be (-20)/(-6)*(-9)/t. Calculate p(f).
3
Let d(w) = -4 + 0 + 8 + w + 5. Calculate d(-10).
-1
Let q = 109 + -114. Let i(m) = -m - 2. Determine i(q).
3
Let y(j) = -j**2. Let z(u) = 3*u**2 + 3*u + 2. Let d(p) = 2*y(p) + z(p). Let l be d(-3). Let m(c) = -1 + c**2 - 2*c**l + 2. Calculate m(1).
0
Let w(o) = 12*o**2 - o. Let v = 6 - -3. Let a = v - 7. Let h = a - 3. Give w(h).
13
Let j(t) = -t**2 + 6*t - 2. Let l(y) = -y**2 - 10*y + 2. Let u be l(-10). Suppose z + z + 5*w + 13 = 0, -u*w = 10. Give j(z).
-2
Let z(r) = -r + 3. Let o = 14 - -4. Let a be o/(-30) + (-12)/5. Determine z(a).
6
Let p = 0 - -5. Let l(t) = -t + 6. Let o(g) = -2*g + 13. Let f(a) = p*l(a) - 3*o(a). Determine f(6).
-3
Let o be (-8)/(-4)*(-5)/(-2). Suppose 0 = -q + o*q - 16. Let j(m) be the second derivative of -m**4/12 + 5*m**3/6 - 5*m**2/2 + 3*m. Give j(q).
-1
Suppose -15*o - 24 = -7*o. Let n(w) = w**2 + 3*w + 1. Determine n(o).
1
Let c(i) = -14*i**2. Let g be -2 - (-4)/(7 - 3). Give c(g).
-14
Let y(g) be the third derivative of g**5/5 + g**4/24 - 2*g**2. Let t = -31 + 30. Give y(t).
11
Let n be 42/12 - 2/(-4). Let u(d) = -2*d + 3*d + d + 5 - n. What is u(-4)?
-7
Let f(q) = 5*q - 1 + q**2 - 4*q - 2. Suppose 4 = 4*u - 4. Let x be 3*u/(-3) + -1. What is f(x)?
3
Suppose 9 = j + 2*j. Suppose 8*q - j*q + 4 = 4*g, -2*q + 5*g + 12 = 0. Let o(n) = n**3 + 5*n**2 + 5*n + 3. What is o(q)?
-1
Let z(a) = a**3 + 6*a**2 + 2*a + 8. Let h(b) = -b**2 + 12*b - 6. Let g be h(12). What is z(g)?
-4
Let j(m) be the first derivative of 2 + m**2 - 3*m - 1/3*m**3. Give j(2).
-3
Let c(h) = h - 2. Let d be ((-4)/1)/((-2)/4). Let n(q) = q**3 - 7*q**2 - 8*q - 5. Let m be n(d). Determine c(m).
-7
Let x(y) = -3*y + 1. Let z be x(1). Let v(j) = -j**2 - 1. Let o(p) = 1. Let n(h) = 3*o(h) + v(h). What is n(z)?
-2
Let u(j) = -j**3 - j**2 + 6*j + 5. Let c be u(-2). Let k(g) = -g**2 - 4*g + 3. Calculate k(c).
6
Suppose 13 = 5*g - 7. Suppose -g*q + f - 7 + 0 = 0, -2*q = -5*f - 19. Let j(c) = c**2 + 4*c + 1. Determi